
In base 15, what is -33 - 3737?
-376a
In base 11, what is -1130 + -44?
-1174
In base 12, what is -42a - 0?
-42a
In base 3, what is 100 - -1120002102?
1120002202
In base 2, what is 1100 + 10101000100011010?
10101000100100110
In base 3, what is 201 - 220211221?
-220211020
In base 10, what is -70 - -301?
231
In base 15, what is -104 - -e3?
-11
In base 6, what is -233501 - 533?
-234434
In base 12, what is -959b9 + -3?
-95a00
In base 11, what is -27629 - -1?
-27628
In base 12, what is 18 + 5ba01?
5ba19
In base 5, what is 12144 + 41?
12240
In base 5, what is 1 - 4242211?
-4242210
In base 8, what is 774760 - -3?
774763
In base 12, what is 1 + b4aa?
b4ab
In base 12, what is 5 - -6386?
638b
In base 13, what is 7c1 - -13?
804
In base 6, what is 122430 + -5?
122421
In base 10, what is 138073 + 2?
138075
In base 5, what is 1 - -340201?
340202
In base 10, what is 0 + -104304?
-104304
In base 12, what is -29263 - 2?
-29265
In base 8, what is -433571 - 12?
-433603
In base 9, what is -120716 - -1?
-120715
In base 10, what is -4 + 1063668?
1063664
In base 12, what is 2700 + 9?
2709
In base 9, what is 1014 + -425?
478
In base 8, what is -1 - -314177?
314176
In base 16, what is ad0e + -4?
ad0a
In base 4, what is 22 + 30021203?
30021231
In base 7, what is -150 + 464?
314
In base 12, what is -8 + 657?
64b
In base 14, what is -210 + -289?
-499
In base 13, what is -3 + 12461?
1245b
In base 15, what is -6 - -ee?
e8
In base 7, what is -41 + -13334?
-13405
In base 13, what is 529c + -a?
5292
In base 8, what is -2021702 - 1?
-2021703
In base 6, what is -11132133 - 3?
-11132140
In base 8, what is 1651 + -47?
1602
In base 13, what is -7 - 5b96?
-5ba0
In base 4, what is 231220 - -23?
231303
In base 13, what is -4b + 4530?
44b2
In base 9, what is -2338657 - 5?
-2338663
In base 16, what is 6 - 1a3?
-19d
In base 15, what is -b2 + -3cb9?
-3d7b
In base 8, what is 2001 - -22?
2023
In base 15, what is -12a + -4a?
-175
In base 10, what is -2 + -16029?
-16031
In base 10, what is 0 + 196169?
196169
In base 14, what is -43c223 + 1?
-43c222
In base 8, what is 34 - 16222?
-16166
In base 7, what is -466433 + 220?
-466213
In base 6, what is 33412 - -31?
33443
In base 11, what is 4 + -2a0a?
-2a06
In base 7, what is -2 - 20261?
-20263
In base 6, what is 2 - -12244152?
12244154
In base 12, what is -3 - -1bab43?
1bab40
In base 16, what is -2d7 - 7df?
-ab6
In base 12, what is 4747 - 4?
4743
In base 11, what is 579 - 1800?
-1232
In base 7, what is -204 + -32233?
-32440
In base 8, what is -1115732 + 15?
-1115715
In base 2, what is 10 - -1010111101100111?
1010111101101001
In base 11, what is 2965 + -111?
2854
In base 16, what is 7b + 1bbe?
1c39
In base 7, what is 14320 + -1360?
12630
In base 13, what is -4 + -21b13?
-21b17
In base 10, what is -29 - -1403?
1374
In base 10, what is 4179 - -13?
4192
In base 10, what is 5 - 14303?
-14298
In base 3, what is 11222102 - -11022?
12010201
In base 2, what is 101000001101 - 111?
101000000110
In base 8, what is -4776005 + 1?
-4776004
In base 10, what is 375505 + -1?
375504
In base 14, what is -51d - 29?
-548
In base 6, what is -230431 + 53?
-230334
In base 4, what is 1222 - 312002?
-310120
In base 7, what is -3545 - -2146?
-1366
In base 7, what is 140445 + 151?
140626
In base 12, what is -452 - 201?
-653
In base 11, what is 60a8 + -18?
6090
In base 7, what is -4 - -252052?
252045
In base 9, what is -67636 - 0?
-67636
In base 8, what is 5 - 24102?
-24075
In base 16, what is -37e3 + -1?
-37e4
In base 9, what is -15770 - -17?
-15752
In base 10, what is 1 + -835042?
-835041
In base 14, what is 37 - 5805?
-57ac
In base 6, what is 244050 - 31?
244015
In base 3, what is -2 - 20012222210?
-20012222212
In base 10, what is -17761 + -39?
-17800
In base 15, what is aca4 + 1?
aca5
In base 11, what is -51 + 536?
495
In base 6, what is 112333 + 2?
112335
In base 4, what is -21032030 - 3?
-21032033
In base 5, what is 10 + 3134332?
3134342
In base 10, what is 2607 - 11?
2596
In base 5, what is 140 + -2100033?
-2044343
In base 10, what is -76724 + 5?
-76719
In base 9, what is -3 + -1105310?
-1105313
In base 15, what is -4e - -721?
6c2
In base 16, what is 5 - 9d0c?
-9d07
In base 14, what is 31 + -871?
-840
In base 9, what is -28 + 8746?
8717
In base 2, what is 1110100111100 - 100?
1110100111000
In base 13, what is 1a8b6 - -c?
1a8c5
In base 9, what is -31617 - -4?
-31613
In base 16, what is -15 + -c0b3?
-c0c8
In base 9, what is 1727460 + 3?
1727463
In base 8, what is -2107031 + 4?
-2107025
In base 8, what is 27 - -2341?
2370
In base 10, what is -10 - 1773?
-1783
In base 11, what is 0 - -79382?
79382
In base 16, what is c + 3e7?
3f3
In base 5, what is 20303 - -114?
20422
In base 9, what is -115 + 316?
201
In base 2, what is 101100011000 - -11000?
101100110000
In base 12, what is 35 - -7283?
72b8
In base 4, what is 300013 + -22?
233331
In base 4, what is 210320 + 33?
211013
In base 10, what is 2 - 214570?
-214568
In base 13, what is -53 - 1459?
-14ac
In base 5, what is -122 + -1233?
-1410
In base 6, what is 2041524 + 2?
2041530
In base 12, what is 13a + 28?
166
In base 14, what is -6 + -a52b?
-a533
In base 10, what is 2 - -1896?
1898
In base 14, what is -107 - -d19?
c12
In base 3, what is 111102 + 100?
111202
In base 12, what is -151a532 + -4?
-151a536
In base 6, what is -324540 - 1?
-324541
In base 10, what is 795905 - -3?
795908
In base 7, what is 3534344 - 2?
3534342
In base 12, what is -4 - -60a54?
60a50
In base 15, what is 35 - -390?
3c5
In base 11, what is 3 + -9815?
-9812
In base 2, what is -11 + 110111101111011100?
110111101111011001
In base 13, what is 1 + 142404?
142405
In base 4, what is 3100 - 212012?
-202312
In base 10, what is -10506 - 0?
-10506
In base 14, what is -3 - -23db?
23d8
In base 16, what is 2 - 973e2?
-973e0
In base 8, what is 66015 + -3?
66012
In base 7, what is 4 - 101220?
-101213
In base 16, what is 614 - 62?
5b2
In base 5, what is -34 - 132133?
-132222
In base 9, what is 5 + 42085?
42101
In base 15, what is -35 - 679?
-6ae
In base 16, what is 0 - -4bf51?
4bf51
In base 14, what is b47 - 14?
b33
In base 2, what is 111101101 - 1010101?
110011000
In base 15, what is 3083a - -4?
3083e
In base 2, what is 101111010100 - 11?
101111010001
In base 14, what is -2d8 - 2b02?
-2dda
In base 15, what is 5 + 89ec?
8a02
In base 15, what is 6 - ad18c?
-ad186
In base 9, what is 353 + 757?
1221
In base 14, what is 4a50d - 1?
4a50c
In base 8, what is 156 + 2011?
2167
In base 12, what is a + -15b5?
-15a7
In base 16, what is -b + 18ca?
18bf
In base 16, what is -5 + 3fd8?
3fd3
In base 15, what is 1896a - 1?
18969
In base 9, what is 85124 + -6?
85117
In base 5, what is -3042024 - 301?
-3042330
In base 9, what is 114 - 22370?
-22255
In base 16, what is -2ef - 2?
-2f1
In base 4, what is -320201 + -23?
-320230
In base 11, what is 232423 + 9?
232431
In base 3, what is -12201202211 - -1?
-12201202210
In base 8, what is 14427 + -314?
14113
In base 3, what is 2222 - 20121212?
-20111220
In base 7, what is -5 - -12626?
12621
In base 9, what is 10216 - -80?
10306
In base 16, what is 4f + -1a4?
-155
In base 11, what is -9 - -6503?
64a5
In base 16, what is 358df - 2?
358dd
In base 4, what is -10230110 - 21?
-10230131
In base 12, what is 4 + 1315?
1319
In base 13, what is -1 - 162a6?
-162a7
In base 7, what is 112 + 133450?
133562
In base 14, what is -31d6c - -7?
-31d65
In base 12, what is -1 + 211?
210
In base 13, what is 4 - c59?
-c55
In base 15, what is -a86 - 81?
-b17
In base 5, what is 133433424 + 1?
133433430
In base 2, what is 1010100 - 100011100100?
-100010010000
In base 10, what is -23 - -2582?
2559
In base 6, what is 1102033 - -5?
1102042
In base 13, what is 3 - 3a852b?
-3a8528
In base 7, what is 11210 + 3642?
15152
In base 16, what is 474b - -2?
474d
In base 14, what is 7 - -8382?
8389
In base 7, what is -4 + -264241?
-264245
In base 4, what is -3 - -311230111?
311230102
In base 12, what is -a4184 + 17?
-a4169
In base 11, what is 83 - -12a5?
1378
In base 9, what is -4 - 218453?
-218457
In base 9, what is 100 + 16678?
16778
In base 9, what is -10 - -15507?
15487
In base 2, what is -10101101110101 + 111?
-10101101101110
In base 8, what is -2 - 27611?
-27613
In base 9, what is 1671 + -52?
1618
In base 8, what is 33205 + 0?
33205
In base 10, what is 28126 + -9?
28117
In base 4